x**2 + x - 3. Let t(w) = -17*g(w) - 6*y(w). Calculate the remainder when t(-4) is divided by 648/(-270)*(-20)/6.
7
Let a = 14 + 1. Calculate the remainder when 13 is divided by 1/(3 + (-42)/a).
3
Suppose -3*x - 13 = -64. Suppose 2481*n - 2460*n = -57 + 2136. What is the remainder when n is divided by x?
14
Let s be (-1)/1 - (-1 - 48). Suppose 6*j - s = 2*j. Suppose 3*c + 0*c = 99. Calculate the remainder when c is divided by j.
9
Suppose -127 = -3*w - 340. Let c = w + 77. What is the remainder when 15 is divided by c?
3
Suppose -2*u + 110 = 4*m, 0 = -5*u + 63*m - 58*m + 230. Calculate the remainder when ((-15)/5)/(3/(-92)) is divided by u.
43
Suppose -4*y = b - 37, 3*y - 4*b = y + 14. Suppose 33 + 115 = -4*i. Let p = -13 - i. Calculate the remainder when p is divided by y.
6
Let w(o) = -o + 7. Let r be w(7). Suppose l + 5*h - 14 = 0, l + 2*h - 7 - 4 = r. Calculate the remainder when 25 is divided by l.
7
Suppose -4*t = 4*a - 40, 5*a - 4*t + 27 = 95. Calculate the remainder when 21 is divided by a.
9
Let i(b) = -7*b - 2. Suppose -2*s - 4 = -u - 9, u + 5*s - 2 = 0. Calculate the remainder when 1*71 - (2 - 2) is divided by i(u).
14
Let m be ((2 - -1)/3)/((-6)/(-42)). Suppose 0 = m*x - 5*x - 84. Calculate the remainder when x is divided by 15.
12
Let z(o) = o**2 - 72*o + 508. Calculate the remainder when 101 is divided by z(7).
48
Calculate the remainder when 2/(0 + 4/346) is divided by (-14 + 1184/72)/((-2)/(-36)).
41
Calculate the remainder when 111 is divided by -2*(0 + -15 + 2).
7
Suppose -5*a = 4*p - a - 136, -5*p = -4*a - 188. Calculate the remainder when (110/20 + -6)/(1/(-142)) is divided by p.
35
Let h = 64 - 36. Calculate the remainder when 10 is divided by 70/h*8/10.
0
Let g = -189 + 310. What is the remainder when g is divided by 38?
7
Let w = -117 + 209. Let v = -23 + w. Calculate the remainder when v/9 - (-4)/(-6) is divided by 4.
3
Let l(g) be the third derivative of -g**5/60 - 5*g**4/12 + 13*g**3/3 + 21*g**2. Calculate the remainder when (-2 - 15/(-6))*12 is divided by l(-12).
0
Suppose 5*c - 2*k = -112 + 358, -5*k = -4*c + 207. Suppose -10*z = 377 - 2077. Suppose d + z = 18*d. What is the remainder when c is divided by d?
8
Suppose -g + 5*g - 160 = 0. Suppose -13*z + 9*z + g = 0. Suppose 5*k - z = -0*k. What is the remainder when 5 is divided by k?
1
Let z = 1844 - 1791. What is the remainder when 211 is divided by z?
52
Suppose -4*h = 4*x + 68, 31 = -2*h - 4*x - 13. Let n = -11 - h. What is the remainder when (-1)/n - (-47 + 1) is divided by 23?
22
Let t(r) = -r**3 - 2*r**2 - 4*r - 12. Calculate the remainder when 971 is divided by t(-4).
35
Suppose 0 = -5*p + 10, -3*h + 4*p - 7*p = -75. Calculate the remainder when 136 is divided by h.
21
Suppose 32 = 6*c + 2*c. Suppose c*d - 27 = 17. What is the remainder when 107 is divided by d?
8
Let x(r) = 2*r**3 - 11*r**2 - 5*r + 4. Calculate the remainder when x(7) is divided by 12.
8
Suppose -18*m + 585 + 747 = 0. What is the remainder when 287 is divided by m?
65
Let w(q) = 1 - 3*q**3 + 4*q**2 + 7*q + 3*q**3 + 4*q**3 - 5*q**3. Let u be w(5). Let c = u + 16. What is the remainder when 52 is divided by c?
25
Suppose -2*c = -x - 9, 0 = 3*c + 2*x + 3*x - 7. Suppose 4*d - 2*z = 51 + 21, -z = -c*d + 74. What is the remainder when 54 is divided by d?
16
Let h be (-152)/(-10) + (-8)/40. Suppose -20*b = -h*b - 35. Calculate the remainder when 40 is divided by b.
5
Suppose -13*t + 2*t + 66 = 0. Let r(l) = -l + 9. What is the remainder when t is divided by r(7)?
0
Let d(r) = -r**3 + 7*r**2 + 3*r + 6. Calculate the remainder when d(7) is divided by 8.
3
Let f = 180 + -138. Calculate the remainder when 164 is divided by f.
38
Suppose r = 1 - 0, 0 = -5*z - 5*r + 1870. Calculate the remainder when z is divided by 75.
73
Suppose -30 = 4*j + 3*r + 23, -5*j - 95 = -2*r. Let p = 24 + j. What is the remainder when p is divided by 3?
1
Suppose 3*l + 325 - 331 = 0. Suppose -4 = f - 17. Suppose 0 = 3*d + f - 40. What is the remainder when d is divided by l?
1
What is the remainder when 727 is divided by (2 - -1)/(44/(-56) - -1)?
13
Let y be (-2820)/(-15) - (0 - (1 + -1)). Let d = y + -167. Calculate the remainder when 101 is divided by d.
17
Suppose -3*d = -r, 3*r - 6*d = -d + 4. Suppose 0*j + r*j = 387. What is the remainder when j is divided by 26?
25
Let t(i) = -i**3 - 6*i**2 - 5*i - 14. Let b be t(-6). Let q be (0 + 0)/(0 - 1). Suppose q*d = -4*d + b. Calculate the remainder when 9 is divided by d.
1
Let i = 38 - 15. What is the remainder when i is divided by ((-26)/(-12) - -2) + 25/30?
3
Let z = -10 + 16. Calculate the remainder when 23 is divided by z.
5
Let x = 170 - 150. Suppose -w + 4 = 0, d - 4*w + 13 = 3. Calculate the remainder when x is divided by d.
2
Suppose 94 = m + 4*a, -32 = -5*m + 5*a + 313. Let k = 222 - 203. Calculate the remainder when m is divided by k.
17
Let a(k) = -k + 15. Let w be a(7). Let z = w + 5. Calculate the remainder when 48 is divided by z.
9
Suppose 0 = -3*m - 4*z + 45, -m + 37 = m + 5*z. What is the remainder when 196 is divided by m?
9
Let k(t) = 2*t + 2. Let u be k(2). Suppose 2*n = -n - u. What is the remainder when 33 is divided by (-8 - -5) + 14 + n?
6
Let d be (-20)/(-16) + (-1)/4. Let i = 4 - d. Suppose 0 = i*u - 12 - 0. What is the remainder when 10 is divided by u?
2
Suppose -2*b = -15 - 11. Suppose -25 + 15 = -5*n. Suppose 18 - 10 = n*c. What is the remainder when b is divided by c?
1
Let h = 161 - 160. Calculate the remainder when 19 - ((-1 - 0) + 1) is divided by (-1*h)/((-23)/161).
5
Suppose -7*x + 5 = n - 3*x, -4*x = 2*n - 10. Let o = -53 - -67. Suppose -5*d = 2*m - 6*m + 33, 0 = -2*m + 2*d + o. What is the remainder when n is divided by m?
1
Let m(x) = -x**2 - 13*x + 61. What is the remainder when 174 is divided by m(0)?
52
Let c(g) = -3*g + 26. Let o be c(5). Let h = -21 - -41. Calculate the remainder when (o/(44/(-304)))/(-2 + 0) is divided by h.
18
Suppose 30 = -105*q + 107*q. Suppose -5*x - 126 = -4*d, 5*d + 3*x - 117 = 22. What is the remainder when d is divided by q?
14
Let q(w) = w**2 + 2*w - 23. Suppose 0 = -x + 5, 5*r - 121 = -5*x + 264. Calculate the remainder when r is divided by q(6).
22
Let m = 16 - 10. Suppose -p = 2*w + 8, -5*p + 2*w - 10 = m*w. Suppose -8 = -p*c + 18. What is the remainder when 49 is divided by c?
10
Let n(a) = a**3 + 10*a**2 - 30*a - 1. What is the remainder when n(-10) is divided by 63?
47
Suppose -3*s - 2*s + 78 = 2*w, -4*w - 4*s + 132 = 0. Suppose -6*y + 73 - 25 = 0. Calculate the remainder when w is divided by y.
5
Let s = 567 - 352. Suppose -b + s - 26 = 0. What is the remainder when b is divided by 32?
29
Suppose 3*d = 47 - 8. Let m(l) = -2*l + 31. Let z be m(d). Calculate the remainder when 61/z + (-1)/5 is divided by 5.
2
Let b(j) = -10*j**3 - j**2 - 10*j + 6. Calculate the remainder when b(-3) is divided by 10.
7
Suppose 4*d - 3*b = 92, -4*d + 5*b = b - 96. Let y be (1 - d/12)*-3. Suppose -10 = y*n - 50. What is the remainder when 79 is divided by n?
19
Let j = 10 - 29. Let x = j + 22. Suppose 3*w + x*w = 144. What is the remainder when w is divided by 9?
6
Let g = -362 + 553. Calculate the remainder when g is divided by 49.
44
Let u(b) = 2*b - 12. Let g be u(6). Suppose g*w = w - 3. Let o(t) = 2*t**3 - 2*t**2 + 1. Calculate the remainder when o(w) is divided by 13.
11
Calculate the remainder when (-9)/(-4)*40/75*65 is divided by 7.
1
Suppose 3*n - 2865 = -2*n. Suppose -9*f + n = 78. Calculate the remainder when f is divided by 21.
13
Let l(x) = -x**3 + 5*x**2 + 4*x - 3. Suppose -10 = 2*o - 4*b, 5*o - 15 = -0*o + 2*b. What is the remainder when l(o) is divided by (40/(-12))/(3*(-4)/18)?
2
Let a(m) = 14*m + 253. What is the remainder when a(-16) is divided by 13?
3
Suppose 0 = -2*i + i - 8. Let t = i + 65. Calculate the remainder when t is divided by 15.
12
Suppose -4*k + 3*x = -619, 3*k = 4*x - 9*x + 486. Calculate the remainder when k is divided by 18.
13
Suppose 2*n = -5*t + 344, -n = -0*t + 3*t - 206. Let k = 50 - 38. What is the remainder when t is divided by k?
8
Let z = 5 - 8. Let d = z + 6. Suppose -4*f + 4*b = -8, -d*b + 12 = -f + 4. Calculate the remainder when f is divided by 3.
1
Let u = -97 + 42. Let a = u + 66. What is the remainder when a is divided by 6?
5
Let c(t) = -3*t + 7. Let r be c(5). Let